e the greatest common divisor of 40 and 169178120.
40
Calculate the highest common divisor of 8824904 and 340.
68
Calculate the greatest common divisor of 156881 and 582321.
2659
Calculate the highest common factor of 26219721 and 55.
11
Calculate the highest common factor of 2765520 and 22264.
184
What is the greatest common factor of 1283997 and 832?
13
What is the highest common factor of 81367 and 8437?
143
Calculate the greatest common divisor of 203742 and 9796248.
4158
Calculate the highest common divisor of 2279942 and 182.
14
Calculate the greatest common divisor of 35096 and 319472.
328
What is the greatest common factor of 2192092 and 140?
28
What is the greatest common factor of 13073509 and 469?
67
Calculate the greatest common factor of 2541 and 71669499.
33
Calculate the greatest common divisor of 65389506 and 546.
546
Calculate the greatest common divisor of 394491762 and 378.
378
What is the highest common divisor of 12274 and 4507?
1
What is the greatest common divisor of 10 and 99536310?
10
Calculate the greatest common divisor of 333425352 and 3774.
3774
What is the greatest common factor of 946 and 14499686?
86
What is the highest common factor of 7695 and 9615105?
405
What is the highest common factor of 35447210 and 340?
170
Calculate the highest common divisor of 73700 and 835758.
1474
Calculate the greatest common divisor of 5120972 and 669.
223
Calculate the highest common factor of 146911 and 962473.
1373
What is the greatest common factor of 308 and 6702256?
44
Calculate the greatest common divisor of 692 and 522002588.
692
What is the greatest common factor of 2268 and 1709666?
14
Calculate the greatest common divisor of 382 and 25075053.
191
Calculate the highest common divisor of 330030 and 206910.
1710
What is the greatest common divisor of 2850407 and 82943?
2023
Calculate the greatest common factor of 20601 and 561519.
189
What is the greatest common factor of 212267 and 96553798?
9229
Calculate the greatest common factor of 204 and 999921708.
204
Calculate the highest common divisor of 59328 and 111808.
64
Calculate the highest common factor of 4290858 and 3938.
22
Calculate the highest common factor of 19512925 and 47150.
1025
What is the highest common factor of 11588691 and 1704?
213
Calculate the highest common factor of 2272881 and 4056.
507
Calculate the highest common factor of 293511 and 954234.
1293
Calculate the greatest common divisor of 1979 and 424572681.
1979
What is the highest common factor of 239903778 and 18?
6
Calculate the highest common factor of 10382 and 187161505.
5191
Calculate the greatest common factor of 987 and 429901997.
329
Calculate the greatest common factor of 975 and 19719960.
195
Calculate the greatest common divisor of 29646972 and 3132.
108
Calculate the greatest common divisor of 62307 and 3452323.
161
What is the highest common divisor of 6488 and 816416?
8
What is the greatest common factor of 29088 and 274619?
101
What is the highest common divisor of 819 and 160445610?
117
Calculate the highest common divisor of 9638094 and 12.
6
Calculate the greatest common divisor of 17199710 and 330.
110
What is the highest common factor of 6478 and 85661833?
3239
Calculate the highest common factor of 68922 and 11823.
21
Calculate the highest common factor of 1449 and 1320286779.
1449
What is the highest common divisor of 984377 and 987298?
2921
Calculate the highest common factor of 1160 and 3588056.
8
Calculate the highest common factor of 2418 and 6401252.
806
Calculate the highest common factor of 1810 and 4852972.
362
Calculate the highest common factor of 142 and 704722002.
142
Calculate the highest common divisor of 703597046 and 43.
43
What is the greatest common factor of 173460 and 945?
105
Calculate the highest common divisor of 750150 and 2178.
18
What is the greatest common divisor of 15021 and 2979?
9
What is the highest common factor of 598 and 10330450?
598
Calculate the greatest common divisor of 181632490 and 13.
13
What is the greatest common divisor of 2593431 and 108?
27
Calculate the greatest common factor of 16215563 and 364.
91
Calculate the greatest common factor of 1326 and 11723829.
663
What is the greatest common divisor of 1712 and 1361147?
107
What is the greatest common divisor of 36205 and 4999075?
2785
Calculate the greatest common factor of 30624 and 7337.
319
What is the highest common factor of 2142480 and 711?
237
What is the greatest common divisor of 3744 and 117357?
3
What is the highest common factor of 25706118 and 2556?
426
Calculate the highest common divisor of 1833 and 117194688.
1833
Calculate the highest common divisor of 11412894 and 1626.
1626
Calculate the greatest common divisor of 318 and 14898830.
106
What is the greatest common divisor of 8356376 and 481?
37
Calculate the greatest common factor of 89421552 and 752.
16
Calculate the greatest common divisor of 20351 and 34020377.
433
Calculate the highest common divisor of 276300 and 64230.
30
What is the highest common divisor of 28911968 and 17408?
544
Calculate the greatest common divisor of 278550 and 25830.
90
Calculate the highest common factor of 875820 and 1935.
15
Calculate the highest common divisor of 21516 and 824868.
132
Calculate the highest common divisor of 70 and 28039774.
14
Calculate the greatest common divisor of 195517 and 2142.
119
Calculate the highest common factor of 70321686 and 6.
6
What is the greatest common factor of 425 and 1907825?
425
Calculate the highest common divisor of 24442048 and 18880.
3776
Calculate the greatest common divisor of 729436 and 24412.
68
What is the greatest common factor of 100543242 and 426?
426
What is the greatest common divisor of 6558915 and 127?
127
Calculate the highest common factor of 567 and 1528506.
63
Calculate the highest common divisor of 14732638 and 114.
38
What is the greatest common factor of 20 and 7701990?
10
Calculate the highest common factor of 5743669 and 983.
983
Calculate the greatest common divisor of 2945725 and 4434883.
2507
Calculate the greatest common divisor of 1592880000 and 15.
15
Calculate the greatest common factor of 680430 and 1750.
10
What is the greatest common factor of 430 and 1552570?
10
Calculate the highest common divisor of 1792868 and 385.
77
What is the highest common divisor of 5539014 and 774?
18
What is the greatest common factor of 9 and 1593814851?
9
Calculate the greatest common divisor of 946 and 82841.
11
What is the highest common divisor of 110 and 107235460?
10
Calculate the highest common divisor of 4779 and 1873899.
531
What is the greatest common divisor of 432 and 55805136?
48
What is the greatest common divisor of 231853 and 2109749?
103
Calculate the highest common factor of 188 and 2104480648.
188
What is the greatest common factor of 3908 and 14564139?
977
Calculate the greatest common divisor of 2656 and 311831.
83
What is the greatest common divisor of 144058 and 186694?
646
Calculate the greatest common divisor of 30009 and 40908.
21
Calculate the highest common factor of 27704643 and 3.
3
Calculate the greatest common divisor of 516 and 73153836.
516
Calculate the greatest common divisor of 69953184 and 5376.
672
What is the greatest common factor of 3142 and 745197566?
3142
What is the greatest common factor of 112009920 and 16?
16
Calculate the greatest common factor of 63042 and 86754.
114
What is the greatest common factor of 3040305 and 74878?
1291
What is the highest common factor of 19382176 and 17600?
352
Calculate the greatest common factor of 45017 and 1982813.
413
What is the greatest common divisor of 354459 and 2121?
21
Calculate the highest common divisor of 38066931 and 315.
63
What is the greatest common divisor of 3700 and 54912625?
925
Calculate the greatest common factor of 936 and 706801446.
234
What is the greatest common factor of 1524671 and 341309?
1181
Calculate the highest common factor of 5985 and 9532110.
1995
What is the highest common divisor of 7791 and 172641?
21
What is the highest common factor of 339352 and 1273072?
2008
What is the highest common divisor of 5092 and 44071796?
268
Calculate the greatest common factor of 5057 and 245881843.
389
Calculate the greatest common factor of 10 and 18417170.
10
What is t